88
Let s(k) = -k**3 + 147*k**2 - 3762*k - 9. What is s(114)?
-9
Let m(u) = -u**3 + 136*u**2 + 568*u - 1325. Calculate m(140).
-205
Let m(x) = x**3 + 2*x**2 - 673*x + 19. Give m(0).
19
Let p(l) = 36*l**3 - 954*l**2 - 487*l + 32. Determine p(27).
5
Let s(h) = -33*h**3 + 12*h**2 + 52*h - 16. Calculate s(-3).
827
Let p(g) = -g**3 - 116*g**2 + 451*g - 3495. Give p(-120).
-15
Let k(m) = 13796*m + 137966. Give k(-10).
6
Let y(z) = 3430*z**2 + 3299*z - 25. Give y(-1).
106
Let p(z) = -z**3 + 263*z**2 - 4424*z + 3481. What is p(245)?
51
Let m(k) = k**2 - 254*k + 1539. Determine m(6).
51
Let r(b) = -b**3 + 572*b**2 + 11844*b - 2368. Calculate r(592).
0
Let j(d) = -d**2 + 407*d - 42388. Calculate j(200).
-988
Let l(u) = 3*u**2 - 3375*u - 20354. Determine l(-6).
4
Let q(d) = -d**2 + 2*d + 540. Determine q(23).
57
Let z(o) = 2*o**3 - 12*o**2 - 233*o + 2710. Give z(11).
1357
Let c(z) = 4*z**2 - 88*z + 955. What is c(37)?
3175
Let t(i) = i**3 + 3*i**2 - 37*i - 18. Give t(-7).
45
Let w(m) = -69*m + 8831. Give w(124).
275
Let m(b) = -627*b - 327. What is m(-1)?
300
Let q(l) = 914*l**2 + 4674*l + 519. Give q(-5).
-1
Let n(m) = -m**2 - 7112*m + 1260339. Determine n(173).
34
Let l(u) = 19*u**3 + 1234*u**2 - 60*u - 432. Determine l(-65).
-757
Let p(b) = -26*b**3 - 77*b**2 - 13*b - 67. Calculate p(-3).
-19
Let h(z) = z**2 + 19990*z + 299564. Determine h(-15).
-61
Let l(i) = -1382*i + 14827. Give l(11).
-375
Let i(f) = f**3 + 79*f**2 + 80*f + 252. Determine i(-78).
96
Let a(r) = 19297*r - 3222595. What is a(167)?
4
Let d(v) = -927*v + 16751. Determine d(18).
65
Let h(w) = 71*w**3 + 499*w**2 + 123*w + 760. What is h(-7)?
-3
Let x(h) = 285*h**3 + 5*h**2 - 21*h - 44. Give x(-2).
-2262
Let t(f) = 1307*f + 166016. Give t(-127).
27
Let o(x) = -90*x**3 + 21*x**2 + 33*x - 4. What is o(-2)?
734
Let d(v) = -695*v + 14600. What is d(21)?
5
Let k(b) = 2*b**3 + 135*b**2 + 2213*b + 30. What is k(-28)?
2
Let v(t) = -5*t**2 + 433*t - 2982. Determine v(79).
20
Let g(p) = -p**3 - 115*p**2 + 203*p - 3636. Determine g(-117).
-9
Let g(q) = 2*q**3 + 40*q**2 + 88*q + 3. Calculate g(-11).
1213
Let l(y) = -75*y**2 - 4786*y + 892. Determine l(-64).
-4
Let k(m) = -689*m - 180528. What is k(-262)?
-10
Let o(t) = -231*t + 46649. Determine o(201).
218
Let u(i) = i**3 + 67*i**2 - 75*i - 282. Determine u(-68).
194
Let u(m) = 1400*m + 93832. Determine u(-67).
32
Let f(b) = -20*b**2 + 231*b + 2238. What is f(-9)?
-1461
Let w(r) = 11*r**2 - 3*r - 241. Give w(-10).
889
Let u(f) = 5*f**3 + 280*f**2 + 292*f + 1784. Give u(-55).
849
Let m(k) = -444*k + 1460. What is m(3)?
128
Let c(d) = -3*d**3 - 287*d**2 + 1178*d - 12192. Give c(-100).
8
Let c(p) = 44917*p - 538736. Give c(12).
268
Let g(p) = 12978*p - 1271857. What is g(98)?
-13
Let b(w) = 80859*w + 889419. Determine b(-11).
-30
Let t(w) = 2*w**2 - 160*w + 3236. Calculate t(39).
38
Let w(d) = 20931*d + 7304913. What is w(-349)?
-6
Let j(n) = -3*n**2 + 1372*n + 18337. What is j(-13)?
-6
Let b(u) = 3205*u + 9617. Calculate b(-3).
2
Let n(l) = -3*l**2 + 112*l - 15. What is n(0)?
-15
Let i(f) = -f**3 + 520*f**2 + 9510*f + 6466. What is i(-17)?
-11
Let x(m) = -m**3 - 65*m**2 - 548*m - 37. What is x(-10)?
-57
Let n(t) = -3*t**2 + 24*t + 53. Determine n(-4).
-91
Let d(h) = h**3 + 54*h**2 - 799*h + 926. Calculate d(11).
2
Let t(p) = -1467356*p + 8804106. What is t(6)?
-30
Let k(z) = z**2 + 33817*z - 236638. Calculate k(7).
130
Let r(h) = -19*h**2 + 1160*h - 162. Give r(61).
-101
Let v(i) = -26555*i - 7355737. What is v(-277)?
-2
Let n(u) = -797*u**3 - 5*u**2 + 2*u. What is n(-1)?
790
Let l(a) = -46*a**2 + 8955*a + 11878. Determine l(196).
-78
Let p(r) = 17*r**3 - 7*r**2 + 238*r - 913. What is p(4)?
1015
Let f(m) = 1077*m - 93635. Calculate f(87).
64
Let d(h) = -24*h**3 - 13*h**2 + 80*h - 177. Calculate d(6).
-5349
Let q(s) = 3464*s - 24822. Give q(7).
-574
Let f(z) = 3*z**3 + 8*z**2 + 72*z + 654. What is f(-8)?
-946
Let t(f) = -13*f**3 - 1159*f**2 + 156*f + 29707. What is t(-89)?
-19
Let f(t) = 4577*t - 8543. Calculate f(2).
611
Let z(p) = 10*p**2 + 346*p + 1241. Determine z(-4).
17
Let x(c) = -2*c**3 - 326*c**2 + 2376*c - 687. Calculate x(-170).
-7
Let t(b) = 205*b**2 - 401*b - 7. What is t(2)?
11
Let x(b) = b**2 + 19032*b - 533692. Determine x(28).
-12
Let r(t) = 5*t**2 + 462*t + 10679. Calculate r(-49).
46
Let y(u) = -13*u**3 - 4*u**2 + 34*u - 29. Give y(-6).
2431
Let j(u) = 269*u - 15666. Give j(59).
205
Let v(r) = -13796*r - 993. Determine v(0).
-993
Let d(n) = 5*n**3 + 219*n**2 - 478*n + 1291. Calculate d(-46).
3
Let g(q) = 8*q**2 - 2195*q + 72322. Calculate g(236).
-130
Let z(k) = 6736*k - 3751953. Give z(557).
-1
Let g(k) = 2*k**2 - 1035*k - 57557. What is g(-50)?
-807
Let k(p) = -p**2 + 4277*p + 107619. Calculate k(-25).
69
Let k(r) = -7643040*r + 15286075. Determine k(2).
-5
Let y(a) = 176*a**2 - 61065*a - 2442. Calculate y(347).
-13
Let y(h) = 14167*h - 29469. Determine y(2).
-1135
Let c(h) = -3*h**2 + 262*h + 10995. Give c(-31).
-10
Let o(p) = -2*p**3 - 89*p**2 + 881*p + 58. What is o(-53)?
1118
Let x(a) = -47*a**3 + 4559*a**2 + 69*a - 6668. Give x(97).
25
Let r(c) = -880*c + 10620. What is r(12)?
60
Let x(u) = -5*u**3 - 134*u**2 + 53*u + 500. Determine x(-27).
-202
Let j(f) = 4*f**2 - 69*f - 4729. Determine j(44).
-21
Let p(d) = -d**2 - 72*d + 1656. What is p(-97)?
-769
Let f(a) = -a**3 + 122*a**2 - 2619*a - 340. Determine f(28).
24
Let a(b) = 4*b**3 + 440*b**2 + 18*b - 601. What is a(-110)?
-2581
Let t(j) = 40*j + 174. Determine t(14).
734
Let w(m) = 1096157*m + 95365663. Determine w(-87).
4
Let d(l) = -l**3 - 12*l**2 - 153*l - 1560. Determine d(-11).
2
Let b(x) = 2*x**2 + 302309*x + 1209252. Calculate b(-4).
48
Let m(o) = -2*o**2 + 722*o - 33132. Calculate m(54).
24
Let i(s) = s**3 + 112*s**2 - 5146*s - 125. What is i(-147)?
22
Let c(o) = 261391*o + 784168. Give c(-3).
-5
Let f(b) = -14*b**3 + 195*b**2 - 28*b + 96. Give f(14).
-492
Let z(c) = 3440*c - 17662. What is z(5)?
-462
Let c(h) = 90*h - 13253. What is c(138)?
-833
Let s(u) = -379*u + 198621. Give s(524).
25
Let h(y) = -372*y**3 - 6*y**2 + 387*y - 763. What is h(2)?
-2989
Let j(k) = k**3 - 125*k**2 - 655*k + 681. Give j(130).
31
Let j(o) = -o**3 + 96*o**2 - 46*o + 4099. Determine j(96).
-317
Let c(h) = 2*h**3 - 73*h**2 + 294*h - 366. What is c(32)?
-174
Let r(m) = -m**3 - 14*m**2 + 97*m - 544. What is r(9)?
-1534
Let p(a) = -a**3 + a**2 - 2181*a - 6531. Give p(-3).
48
Let d(s) = 413*s + 46201. What is d(-112)?
-55
Let x(l) = 184*l + 1369. Determine x(-8).
-103
Let q(x) = 11*x**2 - 5702*x - 180974. What is q(-30)?
-14
Let m(s) = -1583*s - 615760. Calculate m(-389).
27
Let s(c) = -2114*c + 388971. Calculate s(184).
-5
Let k(b) = -b**3 - 553*b**2 + 2216*b - 6685. What is k(-557)?
-1
Let p(a) = -615*a - 27078. What is p(-44)?
-18
Let f(o) = 20*o + 68. What is f(6)?
188
Let b(u) = -3*u**3 - 64*u**2 - 354*u + 2. Give b(-12).
218
Let r(h) = 6*h**3 - 4255*h**2 + 747*h - 26966. What is r(709)?
-24
Let i(q) = -q**3 - 28*q**2 - 82*q + 203. What is i(-24)?
-133
Let x(z) = -168*z - 5379. What is x(-21)?
-1851
Let t(a) = 29*a**2 - 1406*a - 722. Determine t(49).
13
Let r(k) = 2*k**3 + 15*k**2 - 66*k - 29. Calculate r(4).
75
Let d(q) = -742*q + 14610. What is d(18)?
1254
Let m(o) = 5*o - 111. Determine m(-40).
-311
Let w(a) = -26*a**3 + 12*a**2 + 45*a - 12. Give w(-5).
3313
Let a(y) = 3*y**3 - 10559*y**2 + 42231*y + 5. Give a(4).
177
Let u(i) = 41*i**3 - 16*i + 34. Give u(2).
330
Let v(t) = -11*t**2 + 2830*t + 50570. Calculate v(-18).
-3934
Let q(t) = -26272*t + 472785. Determine q(18).
-111
Let z(n) = -4*n**3 + 9*n**2 - 88*n + 477. Calculate z(4).
13
Let v(d) = 15*d**3 + 5218*d**2 - 655*d + 14272. Calculate v(-348).
4
Let m(i) = -133514*i - 3604880. Give m(-27).
-2
Let r(q) = -137*q**2 - 2008*q - 2008. Calculate r(-1).
-137
Let f(a) = 3*a**3 - 3083*a**2 - 37422*a + 74. What is f(-12)?
2
Let r(v) = 25*v**3 + 3203*v**2 + 362*v - 2810. Give r(-128).
6
Let c(m) = -2*m**2 + 24*m + 7781. What is c(69)?
-85
Let x(k) = -4*k**2 + 2612*k + 2614. Determine x(-1).
-2
Let q(y) = -5*y**3 + 19*y**2 - 744*y + 2975. Give q(4).
-17
Let t(v) = 411*v + 6846. What is t(-16)?
270
Let h(s) = 2*s**3 - 3*s**2 - 105*s - 515. What is h(-5)?
-315
Let u(v) = 6*v**3 + 19*v**2 - 1592*v + 96. What is u(-18)?
-84
Let p(n) = 4*n**3 